ue of (1 - (6 - 1 - 0)) + -1?
-5
Calculate (-4 - -3) + -2 + 7.
4
Calculate -11 + 6 - ((-16 - 0) + 1).
10
What is the value of 7 + (-5 - (-7 + 4))?
5
2 + -5 - 3 - 0
-6
-49 + 43 - (-9 + -1)
4
Calculate 1 - 2 - (11 + -9).
-3
What is -72 + 69 - (-9 - 0)?
6
Evaluate -1 + 7 - -4 - 9.
1
Evaluate (-1 + -1 - -7 - 6) + -2.
-3
What is -3 - ((-3 - (-2 + 0)) + -2)?
0
What is the value of (-1 - -2) + -10 + 5?
-4
What is the value of (5 - 7) + -1 + 0?
-3
Evaluate (4 - (-6 + 8)) + -11 + 14.
5
Evaluate 0 - 1 - ((13 - 4) + -7).
-3
4 + -1 - (9 - 10)
4
What is -3 + (18 - 18 - (-3 - 1))?
1
(0 - -2 - 1) + -1
0
Evaluate (-130 - -135) + 0 + 1.
6
What is the value of 0 + -5 + -1 - (9 - 11)?
-4
What is (-1 + 9 + -4 - 2) + -3?
-1
What is the value of -55 - -58 - (1 - -3)?
-1
What is the value of 7 + (11 - (26 - 13))?
5
-1 - -2 - (7 + (-18 - -9))
3
-10 + 4 + (-5 - -9)
-2
(-2 - -4 - 2) + (-3 - 0)
-3
(0 - -5) + -1 + -9
-5
What is 5 + 1 + -3 + 7 + -8?
2
Evaluate 0 - -1 - (7 + -7).
1
What is the value of -1 - -5 - (4 + -9 - -5)?
4
What is -4 - (-5 - (-2 - 0))?
-1
What is (2 - (-4 - -2)) + -2?
2
Evaluate 3 + -4 + (-3 - 3).
-7
What is -30 + 29 - (0 + 0)?
-1
-7 + 12 + (-6 - (-3 - -4))
-2
Calculate 4 + (-3 - (4 - 3) - -5).
5
What is the value of (-1 - 2) + (-2 - -3)?
-2
Calculate (2 - 5) + 3 + 5.
5
Evaluate 4 + (-4 - -5) + -3 - -1.
3
Evaluate -3 + 3 + 4 + -1.
3
Evaluate (0 - -1) + -4 - (-5 + 1).
1
Evaluate -8 - (1 + 1 + (-42 - -38)).
-6
What is 5 + 3 + -2 - (20 + -7)?
-7
Calculate 2 + (4 - 4) - -2 - 2.
2
What is (-2 - (2 + -2)) + 7?
5
Calculate (10 + 0 + -5 - 10) + 7.
2
Evaluate -9 - (3 + -17 - -8).
-3
What is the value of -7 + (-2 - (-1 - 3))?
-5
What is the value of -26 + 34 - (0 - -6)?
2
What is (0 - -4) + -9 - (1 - 9)?
3
What is the value of -1 + (15 - 12) - (6 + 0)?
-4
Calculate -10 - -8 - -3 - -4.
5
Calculate 4 + 0 + 0 + (-100 - -96).
0
What is the value of (5 - 1) + -1 + -6 - 0?
-3
1 + 0 + (-2 - 0) - -3
2
Calculate -2 + (-1 - -3 - (-3 + 7)).
-4
What is 1 - (1 - (-1 - -3))?
2
Calculate 2 - (3 + -2 + 7 - 2).
-4
What is -6 + 1 - ((-5 - -21) + -22)?
1
What is 11 - 15 - (2 + -1)?
-5
Evaluate -4 + 1 + 1 + -1.
-3
Evaluate -2 - (-5 - 0 - (26 + -24)).
5
What is (9 - 7) + -7 + 1 + 0?
-4
(8 - 2) + 0 + -8
-2
Evaluate 14 - (4 + 1 + 11).
-2
What is the value of (-3 - -16) + (1 - 14)?
0
What is 4 + -8 + 4 + -2?
-2
17 + -27 - (-2 - 4)
-4
Evaluate 1 + -5 + (7 + -14 - -9).
-2
Calculate 1 - (19 - 11 - (1 - -2)).
-4
What is the value of (0 - 6) + (4 - 7) + 5?
-4
Evaluate (0 - -3) + (-7 - -6).
2
-2 - (5 + (1 - 7))
-1
-9 + 19 - (5 - -2)
3
What is -3 + -6 + 1 + 1?
-7
(6 - (7 + -4)) + -8
-5
Calculate 2 + (-1 - 1) - 3 - -4.
1
(7 - 11) + -1 - -3
-2
Calculate 4 - ((3 - 0) + -2 - -3).
0
What is (-1 - -9) + (-7 - (6 + -11))?
6
-5 + (-1 - (0 + -1))
-5
What is (-7 - -7) + -4 + (2 - 1)?
-3
What is (-4 + 10 - (2 + 2)) + 2?
4
Evaluate 2 - ((1 - 2) + -1).
4
Calculate 2 + 0 + (-1 - (7 + -3)).
-3
Calculate (-3 - -9) + -5 - 1.
0
Evaluate 118 + -127 + 9 + 0.
0
What is the value of -3 + 14 + (7 - 6) + -6?
6
Calculate 1 + 0 + 61 + -64.
-2
Calculate 0 - -6 - (68 + -68).
6
What is the value of -5 + 9 - (-4 - -1)?
7
4 - (-1 + 7) - 0
-2
15 - 15 - (-4 + 3 + 1)
0
What is the value of 2 + 9 + -4 + -8?
-1
What is (-2 + 5 - (-4 - -9)) + 0?
-2
Calculate -4 + -2 + 2 + (17 - 9).
4
Calculate 2 - 19 - -7 - -5.
-5
Evaluate (-4 - (-10 + 9)) + (5 - 3).
-1
What is 0 + 1 + (6 - 5)?
2
What is -6 + (0 + 1 - (-9 + 9))?
-5
Evaluate -2 - (-3 - 3) - 1.
3
Calculate 1 + -2 + (-3 - -2).
-2
What is -18 + 18 + (-2 - 5)?
-7
What is the value of 4 + (3 + -14 - -8)?
1
2 + 2 - (-2 + (1 - -1))
4
Calculate (-6 - (-7 - -5)) + 7.
3
Calculate 4 - 10 - (0 + -5).
-1
What is -19 - (5 - 29 - -13)?
-8
What is (-2 + 11 + -4 - 4) + 2?
3
3 + 5 - (4 - 0)
4
-4 + 1 + (4 - 3) + -1
-3
What is (2 - (-13 - -10)) + -2 + 0?
3
-8 + (7 + -6 - -5)
-2
What is the value of (4 - 15) + 6 + 4?
-1
What is the value of -15 - (-24 - -13 - -5)?
-9
Calculate 0 + -3 + -1 + 0.
-4
-19 + (1 - -3) + 24 + -18
-9
Calculate -10 + (-6 - -6) + 5.
-5
Calculate 5 + (-8 - -6) - (3 - 9).
9
What is 2 - (1 + (-9 - -5)) - 5?
0
What is the value of -8 + (3 + 1 + 4 - 5)?
-5
What is the value of -8 + (-1 - -12) + 5?
8
Calculate (-3 - (2 + -2)) + 1 + 0.
-2
What is the value of -3 + (-3 - (-1 - 0)) + 2?
-3
Calculate -2 - (-2 + (-4 - (-1 + 0))).
3
Evaluate 11 - (-1 + -4 - -5 - -6).
5
Evaluate (4 - 21) + 25 + -15.
-7
What is 4 + -7 + (6 - -11) + -7?
7
Evaluate 6 - (9 + 4 + -19 + 7).
5
Calculate -8 + 5 + -5 + 2.
-6
-5 + -33 + 31 + 9 + 1
3
(-5 - -1) + -5 + 7
-2
32 + -21 - (13 + -3)
1
Calculate -3 - -3 - -1 - (-3 + -1).
5
What is -10 + (-7 - -11) + 10 + -1?
3
0 - -6 - (1 - (2 - 3))
4
Calculate -10 - (-7 - -5) - -14.
6
2 + -5 - (4 + -13)
6
What is the value of 1 + (-2 - 1) + -2 + 7?
3
What is -5 + (3 - 2) + 3 - 7?
-8
7 - (21 + 0 + (1 - 8))
-7
7 + -14 + 11 - (6 + 0)
-2
What is 3 + (8 - (-3 + 12))?
2
-7 + 7 + -18 - -9
-9
Calculate (-2 - (10 - 5)) + -4 + 5.
-6
Evaluate 3 + (-1 - (2 + -11)) + -5.
6
Calculate -2 - (4 - 3 - 3 - 1).
1
Calculate 1 - ((-5 - -14) + 0).
-8
Calculate (6 - 7) + 1 + (1 - 3).
-2
Evaluate (-7 + 4 - 3) + 1.
-5
Calculate 3 - (-3 - (-2 + (5 - 8))).
1
What is -6 + -4 + 2 + 9?
1
What is (-2 + 13 - 18) + -4?
-11
1 + -3 + 0 + 4
2
(12 - (12 - (-5 + 11))) + -2
4
What is -1 + 18 - (-12 - -21)?
8
Evaluate 4 + (10 + -10 - (0 + 1)).
3
What is -10 + 25 + -2 + -12?
1
Evaluate -9 + 2 + 5 - -5.
3
What is 10 + (-3 - 4) - (1 + 0)?
2
Calculate -6 + 5 + -3 + 4.
0
What is -1 - (-4 + -5 + 3)?
5
What is (2 - 5) + 7 + -9?
-5
What is the value of -11 + (7 - 3) + (3 - -2)?
-2
Calculate 1 + -2 + 1 + 2 + 2.
4
10 + -18 + 6 + 4
2
What is the value of 3 - (-2 + -4 + -1 + 12)?
-2
Evaluate -2 - (-4 + (0 - 0 - -5)).
-3
Evaluate -1 + 4 + 2 - (-8 - -18).
-5
Evaluate -2 + (0 - (-11 + 5)).
4
What is (-15 - -7 - -6) + 6?
4
2 + -6 - (-5 + 3 - 1)
-1
What is (-1 - (5 - 8)) + -1?
1
What is the value of 21 - 15 - (-2 + 6)?
2
What is the value of 8 - 2 - (18 - 10)?
-2
Calculate 0 - (-5 + 3 + 6).
-4
What is -14 + -6 + 12 + -4 - -6?
-6
-22 - -7 - (3 - (1 + 8))
-9
Calculate 25 + -21 + 1 + -10.
-5
-3 - (6 + (0 - -4 - 13))
0
What is the value of 5 + -9 + 2 + (0 - 4)?
-6
Evaluate 6 + (11 - 13) + -5.
-1
(-5 + 3 - 0) + -1
-3
(-2 - 0) + 2 - (-28 + 33)
-5
What is -1 + -1 + -6 + 4?
-4
What is 17 + -3 + -10 - 9?
-5
Evaluate 0 + 0 + 5 + (3 - 6).
2
Evaluate 1 + -2 + (-4 - (-1 + -1)).
-3
Calculate 105 + -91 + (0 - 12).
2
Evaluate 1 + 1 - 2 - 0.
0
Calculate -4 - (1 - 2 - (-14 - -18)).
1
Evaluate -3 - (2 - ((-5 - -6) + -5)).
-9
What is 0 + 3 - (-4 - (-9 - -3))?
1
What is the value of 1 + 6 + 2 + -10?
-1
What is the value of (8 + -5 - -4) + -5?
2
Calculate -2 + -1 + 8 + -12 + 11.
4
What is the value of 3 - 1 - (20 - 17)?
-1
What is the value of (0 - 2) + 3 + 21 + -14?
8
3 + 0 + (30 - (7 - -15))
11
What is -1 - -5 - 5 - 0?
-1
Calculate (4 - 1) + -2 + 1 + -3.
-1
What is the value of -4 + 5 - (5 + 3)?
-7
Calculate -4 - -5 - 10 - (-5 - 1).
-3
-2 + 2 + -1 + 0 + 0
-1
-15 + (20 - 26) + 14 + -1
-8
Evaluate -3 - (-4 - (8 + -16)).
-7
Evaluate -7 + 1 + (18 - 13).
-1
-2 + 6 - (-1 + 2)
3
Calculate -1 - (0 + 0 + -3).
2
What is -3 + (2 - (-4 + 0)) + 0?
3
What is -14 - -9 - (-6 - -3) - -7?
5
Evaluate (-1 - 1) + 20 + -14.
4
What is the value of 1 - ((-1 - 3) + 7) - -1?
-1
Evaluate -8 + 1 + 14 + -7.
0
-26 - -22 - (-19 - -2) - 6
7
7 + -3 + -1 + 0 + -5
-2
Evaluate 3 + -2 + (2 + 5 - 18).
-10
Calculate 0 - 1 - (-3 - (-2 + -6)).
-6
Evaluate -2 + -3 - (-1 + 2).
-6
Evaluate (5 - 3) + (-2 - 4).
-4
Evaluate (1 - (11 + -3)) + 2.
-5
What is the value of 5 + -1 - (14 + (-26 - -17))?
-1
What is 3 - (18 - (0 + 0 + 5))?
-10
What is 1 - (-4 - -1 - -5)?
-1
What is the value of -1 + 2 - (-1 - (0 + -4))?
-2
Evaluate (-2 + -1 - (-4 - 0)) + -5.
-4
What is 4 + (1 + 3 + -3 - 5)?
0
Evaluate 52 + -54 - (5 - 0).
-7
Calculate (-215 - -215) + 0 + -1 + 4.
3
What is 1 + 3 + -5 - 4?
-5
Evaluate 0 + -1 + 4 - (31 + -27).
-1
Calculate -7 + 0 - (-13 + 10 - 0).
-4
-6 - (-9 + 8 + -11)
6
(-14 - -7) + 8 + -3
-2
What is -3 + -2 - 0 - -5?
0
Evaluate -8 - ((-18 - -12) + 2 + -4).
0
What is 1 - ((3 - 2) + -3) - 0?
3
Calculate -10 - -4 - (0 + -3).
-3
Calculate (23 - 20) + (-1 - 8) - -4.
-2
Calculate -40 + 35 - (1 + -2 + -4).
0
Calculate 4 + -4 - (-7 + -1 - -3).
5
What is -10 + -2 + (-9 - (-11 + -6))?
-4
Calcu